CRAN Package Check Results for Package llama

Last updated on 2020-08-13 15:51:10 CEST.

Flavor Version Tinstall Tcheck Ttotal Status Flags
r-devel-linux-x86_64-debian-clang 0.9.3 14.16 126.59 140.75 OK
r-devel-linux-x86_64-debian-gcc 0.9.3 11.37 95.58 106.95 OK
r-devel-linux-x86_64-fedora-clang 0.9.3 175.68 OK
r-devel-linux-x86_64-fedora-gcc 0.9.3 164.64 OK
r-devel-windows-ix86+x86_64 0.9.3 47.00 160.00 207.00 OK
r-patched-linux-x86_64 0.9.3 12.65 121.42 134.07 OK
r-patched-solaris-x86 0.9.3 235.60 OK
r-release-linux-x86_64 0.9.3 13.91 122.51 136.42 OK
r-release-macos-x86_64 0.9.3 OK
r-release-windows-ix86+x86_64 0.9.3 45.00 181.00 226.00 OK
r-oldrel-macos-x86_64 0.9.3 ERROR

Check Details

Version: 0.9.3
Check: whether package can be installed
Result: ERROR
    Installation failed.
Flavor: r-oldrel-macos-x86_64