CRAN Package Check Results for Package live

Last updated on 2020-06-04 03:49:22 CEST.

Flavor Version Tinstall Tcheck Ttotal Status Flags
r-devel-linux-x86_64-debian-clang 1.5.13 10.86 150.51 161.37 OK
r-devel-linux-x86_64-debian-gcc 1.5.13 9.17 110.81 119.98 OK
r-devel-linux-x86_64-fedora-clang 1.5.13 190.29 NOTE
r-devel-linux-x86_64-fedora-gcc 1.5.13 185.48 NOTE
r-devel-windows-ix86+x86_64 1.5.13 47.00 212.00 259.00 OK
r-patched-linux-x86_64 1.5.13 11.38 142.51 153.89 OK
r-patched-solaris-x86 1.5.13 202.20 NOTE
r-release-linux-x86_64 1.5.13 10.72 140.97 151.69 OK
r-release-osx-x86_64 1.5.13 NOTE
r-release-windows-ix86+x86_64 1.5.13 26.00 151.00 177.00 OK
r-oldrel-osx-x86_64 1.5.13 NOTE
r-oldrel-windows-ix86+x86_64 1.5.13 29.00 202.00 231.00 OK

Check Details

Version: 1.5.13
Check: dependencies in R code
Result: NOTE
    Namespace in Imports field not imported from: ‘e1071’
     All declared Imports should be used.
Flavors: r-devel-linux-x86_64-fedora-clang, r-devel-linux-x86_64-fedora-gcc, r-patched-solaris-x86, r-release-osx-x86_64, r-oldrel-osx-x86_64

Version: 1.5.13
Check: package dependencies
Result: NOTE
    Package suggested but not available for checking: ‘RWeka’
Flavor: r-patched-solaris-x86