CRAN Package Check Results for Package litteR

Last updated on 2020-08-07 15:48:47 CEST.

Flavor Version Tinstall Tcheck Ttotal Status Flags
r-devel-linux-x86_64-debian-clang 0.8.1 8.62 66.83 75.45 OK
r-devel-linux-x86_64-debian-gcc 0.8.1 7.17 50.22 57.39 OK
r-devel-linux-x86_64-fedora-clang 0.8.1 99.62 OK
r-devel-linux-x86_64-fedora-gcc 0.8.1 88.77 OK
r-devel-windows-ix86+x86_64 0.8.1 33.00 113.00 146.00 OK
r-patched-linux-x86_64 0.8.1 8.50 64.38 72.88 OK
r-patched-solaris-x86 0.8.1 133.10 OK
r-release-linux-x86_64 0.8.1 7.80 64.91 72.71 OK
r-release-macos-x86_64 0.8.1 OK
r-release-windows-ix86+x86_64 0.8.1 34.00 81.00 115.00 OK
r-oldrel-macos-x86_64 0.8.1 ERROR
r-oldrel-windows-ix86+x86_64 0.7.0 22.00 144.00 166.00 OK

Check Details

Version: 0.8.1
Check: whether package can be installed
Result: ERROR
    Installation failed.
Flavor: r-oldrel-macos-x86_64