CRAN Package Check Results for Package listarrays

Last updated on 2024-03-02 04:48:26 CET.

Flavor Version Tinstall Tcheck Ttotal Status Flags
r-devel-linux-x86_64-debian-clang 0.3.1 2.98 35.21 38.19 NOTE
r-devel-linux-x86_64-debian-gcc 0.3.1 2.18 26.98 29.16 NOTE
r-devel-linux-x86_64-fedora-clang 0.3.1 47.20 NOTE
r-devel-linux-x86_64-fedora-gcc 0.3.1 45.45 NOTE
r-devel-windows-x86_64 0.3.1 4.00 51.00 55.00 NOTE
r-patched-linux-x86_64 0.3.1 3.02 35.29 38.31 NOTE
r-release-linux-x86_64 0.3.1 3.00 34.16 37.16 NOTE
r-release-macos-arm64 0.3.1 20.00 NOTE
r-release-macos-x86_64 0.3.1 28.00 NOTE
r-release-windows-x86_64 0.3.1 4.00 54.00 58.00 NOTE
r-oldrel-macos-arm64 0.3.1 20.00 NOTE
r-oldrel-windows-x86_64 0.3.1 5.00 56.00 61.00 NOTE

Check Details

Version: 0.3.1
Check: LazyData
Result: NOTE 'LazyData' is specified without a 'data' directory Flavors: r-devel-linux-x86_64-debian-clang, r-devel-linux-x86_64-debian-gcc, r-devel-linux-x86_64-fedora-clang, r-devel-linux-x86_64-fedora-gcc, r-devel-windows-x86_64, r-patched-linux-x86_64, r-release-linux-x86_64, r-release-macos-arm64, r-release-macos-x86_64, r-release-windows-x86_64, r-oldrel-macos-arm64, r-oldrel-windows-x86_64

Version: 0.3.1
Check: Rd cross-references
Result: NOTE Undeclared package ‘keras’ in Rd xrefs Flavor: r-devel-linux-x86_64-fedora-clang