CRAN Package Check Results for Package lisp

Last updated on 2020-06-02 03:47:53 CEST.

Flavor Version Tinstall Tcheck Ttotal Status Flags
r-devel-linux-x86_64-debian-clang 0.1 2.11 18.67 20.78 NOTE
r-devel-linux-x86_64-debian-gcc 0.1 1.45 15.08 16.53 NOTE
r-devel-linux-x86_64-fedora-clang 0.1 34.36 NOTE
r-devel-linux-x86_64-fedora-gcc 0.1 25.16 NOTE
r-devel-windows-ix86+x86_64 0.1 7.00 32.00 39.00 NOTE
r-patched-linux-x86_64 0.1 2.04 18.75 20.79 NOTE
r-patched-solaris-x86 0.1 40.40 NOTE
r-release-linux-x86_64 0.1 1.90 18.46 20.36 NOTE
r-release-osx-x86_64 0.1 NOTE
r-release-windows-ix86+x86_64 0.1 5.00 34.00 39.00 NOTE
r-oldrel-osx-x86_64 0.1 NOTE
r-oldrel-windows-ix86+x86_64 0.1 5.00 32.00 37.00 NOTE

Check Details

Version: 0.1
Check: top-level files
Result: NOTE
    Non-standard file/directory found at top level:
     'package.R'
Flavors: r-devel-linux-x86_64-debian-clang, r-devel-linux-x86_64-debian-gcc, r-devel-linux-x86_64-fedora-clang, r-devel-linux-x86_64-fedora-gcc, r-patched-linux-x86_64, r-release-linux-x86_64

Version: 0.1
Check: R code for possible problems
Result: NOTE
    last: no visible global function definition for 'tail'
    Undefined global functions or variables:
     tail
    Consider adding
     importFrom("utils", "tail")
    to your NAMESPACE file.
Flavors: r-devel-linux-x86_64-debian-clang, r-devel-linux-x86_64-debian-gcc, r-devel-linux-x86_64-fedora-clang, r-devel-linux-x86_64-fedora-gcc, r-devel-windows-ix86+x86_64, r-patched-linux-x86_64, r-patched-solaris-x86, r-release-linux-x86_64, r-release-osx-x86_64, r-release-windows-ix86+x86_64, r-oldrel-osx-x86_64, r-oldrel-windows-ix86+x86_64