CRAN Package Check Results for Package lisa

Last updated on 2020-08-13 15:51:10 CEST.

Flavor Version Tinstall Tcheck Ttotal Status Flags
r-devel-linux-x86_64-debian-clang 0.1.1 2.08 23.06 25.14 OK
r-devel-linux-x86_64-debian-gcc 0.1.1 1.63 18.50 20.13 OK
r-devel-linux-x86_64-fedora-clang 0.1.1 38.76 NOTE
r-devel-linux-x86_64-fedora-gcc 0.1.1 30.05 NOTE
r-devel-windows-ix86+x86_64 0.1.1 7.00 44.00 51.00 OK
r-patched-linux-x86_64 0.1.1 2.20 23.40 25.60 OK
r-patched-solaris-x86 0.1.1 47.50 NOTE
r-release-linux-x86_64 0.1.1 1.86 23.20 25.06 OK
r-release-macos-x86_64 0.1.1 NOTE
r-release-windows-ix86+x86_64 0.1.1 8.00 50.00 58.00 OK
r-oldrel-macos-x86_64 0.1.1 NOTE
r-oldrel-windows-ix86+x86_64 0.1.1 4.00 36.00 40.00 OK

Check Details

Version: 0.1.1
Check: data for non-ASCII characters
Result: NOTE
     Note: found 28 marked UTF-8 strings
Flavors: r-devel-linux-x86_64-fedora-clang, r-devel-linux-x86_64-fedora-gcc, r-patched-solaris-x86, r-release-macos-x86_64, r-oldrel-macos-x86_64