CRAN Package Check Results for Package liminal

Last updated on 2024-02-29 04:54:18 CET.

Flavor Version Tinstall Tcheck Ttotal Status Flags
r-devel-linux-x86_64-debian-clang 0.1.2 5.47 90.02 95.49 OK
r-devel-linux-x86_64-debian-gcc 0.1.2 5.53 69.66 75.19 OK
r-devel-linux-x86_64-fedora-clang 0.1.2 120.01 NOTE
r-devel-linux-x86_64-fedora-gcc 0.1.2 131.88 OK
r-devel-windows-x86_64 0.1.2 7.00 99.00 106.00 OK
r-patched-linux-x86_64 0.1.2 10.93 92.41 103.34 OK
r-release-linux-x86_64 0.1.2 4.33 93.79 98.12 OK
r-release-macos-arm64 0.1.2 57.00 OK
r-release-macos-x86_64 0.1.2 78.00 OK
r-release-windows-x86_64 0.1.2 10.00 107.00 117.00 OK
r-oldrel-macos-arm64 0.1.2 43.00 OK
r-oldrel-windows-x86_64 0.1.2 9.00 121.00 130.00 OK

Check Details

Version: 0.1.2
Check: Rd cross-references
Result: NOTE Undeclared package ‘tidyselect’ in Rd xrefs Flavor: r-devel-linux-x86_64-fedora-clang