Last updated on 2023-11-30 05:50:55 CET.
Flavor | Version | Tinstall | Tcheck | Ttotal | Status | Flags |
---|---|---|---|---|---|---|
r-devel-linux-x86_64-debian-clang | 2.1.1 | 54.50 | 426.75 | 481.25 | OK | |
r-devel-linux-x86_64-debian-gcc | 2.1.1 | 48.59 | 312.76 | 361.35 | OK | |
r-devel-linux-x86_64-fedora-clang | 2.1.1 | 622.61 | NOTE | |||
r-devel-linux-x86_64-fedora-gcc | 2.1.1 | 485.37 | OK | |||
r-devel-windows-x86_64 | 2.1.1 | 48.00 | 291.00 | 339.00 | OK | |
r-patched-linux-x86_64 | 2.1.1 | 58.80 | 407.53 | 466.33 | OK | |
r-release-linux-x86_64 | 2.1.1 | 49.44 | 408.08 | 457.52 | OK | |
r-release-macos-arm64 | 2.1.1 | 177.00 | OK | |||
r-release-macos-x86_64 | 2.1.1 | 167.00 | OK | |||
r-release-windows-x86_64 | 2.1.1 | 62.00 | 368.00 | 430.00 | OK | |
r-oldrel-macos-arm64 | 2.1.1 | 128.00 | OK | |||
r-oldrel-macos-x86_64 | 2.1.1 | 198.00 | OK | |||
r-oldrel-windows-x86_64 | 2.1.1 | 68.00 | 355.00 | 423.00 | OK |
Version: 2.1.1
Check: package dependencies
Result: NOTE
Imports includes 26 non-default packages.
Importing from so many packages makes the package vulnerable to any of
them becoming unavailable. Move as many as possible to Suggests and
use conditionally.
Flavor: r-devel-linux-x86_64-fedora-clang