CRAN Package Check Results for Package likert

Last updated on 2020-08-11 03:47:54 CEST.

Flavor Version Tinstall Tcheck Ttotal Status Flags
r-devel-linux-x86_64-debian-clang 1.3.5 7.70 60.47 68.17 OK
r-devel-linux-x86_64-debian-gcc 1.3.5 5.89 46.73 52.62 OK
r-devel-linux-x86_64-fedora-clang 1.3.5 90.69 NOTE
r-devel-linux-x86_64-fedora-gcc 1.3.5 80.94 NOTE
r-devel-windows-ix86+x86_64 1.3.5 16.00 123.00 139.00 OK
r-patched-linux-x86_64 1.3.5 7.24 58.39 65.63 OK
r-patched-solaris-x86 1.3.5 123.50 NOTE
r-release-linux-x86_64 1.3.5 6.67 58.97 65.64 OK
r-release-macos-x86_64 1.3.5 NOTE
r-release-windows-ix86+x86_64 1.3.5 27.00 113.00 140.00 OK
r-oldrel-macos-x86_64 1.3.5 NOTE
r-oldrel-windows-ix86+x86_64 1.3.5 15.00 71.00 86.00 OK

Check Details

Version: 1.3.5
Check: data for non-ASCII characters
Result: NOTE
     Note: found 7 marked UTF-8 strings
Flavors: r-devel-linux-x86_64-fedora-clang, r-devel-linux-x86_64-fedora-gcc, r-patched-solaris-x86, r-release-macos-x86_64, r-oldrel-macos-x86_64