CRAN Package Check Results for Package lfe

Last updated on 2020-08-08 03:50:45 CEST.

Flavor Version Tinstall Tcheck Ttotal Status Flags
r-devel-linux-x86_64-debian-clang 2.8-5.1 20.89 223.69 244.58 OK
r-devel-linux-x86_64-debian-gcc 2.8-5.1 15.13 176.05 191.18 OK
r-devel-linux-x86_64-fedora-clang 2.8-5.1 300.22 OK
r-devel-linux-x86_64-fedora-gcc 2.8-5.1 295.61 OK
r-devel-windows-ix86+x86_64 2.8-5.1 56.00 411.00 467.00 OK
r-patched-linux-x86_64 2.8-5.1 18.83 226.01 244.84 OK
r-patched-solaris-x86 2.8-5.1 312.70 NOTE --no-vignettes
r-release-linux-x86_64 2.8-5.1 16.03 226.03 242.06 OK
r-release-macos-x86_64 2.8-5.1 OK
r-release-windows-ix86+x86_64 2.8-5.1 55.00 416.00 471.00 OK
r-oldrel-macos-x86_64 2.8-5.1 OK
r-oldrel-windows-ix86+x86_64 2.8-5.1 37.00 297.00 334.00 OK

Check Details

Version: 2.8-5.1
Flags: --no-vignettes
Check: compilation flags used
Result: NOTE
    Compilation used the following non-portable flag(s):
     ‘-mt’
Flavor: r-patched-solaris-x86