CRAN Package Check Results for Package lexicon

Last updated on 2020-08-13 15:51:10 CEST.

Flavor Version Tinstall Tcheck Ttotal Status Flags
r-devel-linux-x86_64-debian-clang 1.2.1 0.74 2.28 3.02 ERROR
r-devel-linux-x86_64-debian-gcc 1.2.1 5.86 27.99 33.85 OK
r-devel-linux-x86_64-fedora-clang 1.2.1 59.28 OK
r-devel-linux-x86_64-fedora-gcc 1.2.1 48.89 OK
r-devel-windows-ix86+x86_64 1.2.1 21.00 56.00 77.00 OK
r-patched-linux-x86_64 1.2.1 6.32 34.13 40.45 OK
r-patched-solaris-x86 1.2.1 81.60 OK
r-release-linux-x86_64 1.2.1 6.48 34.57 41.05 OK
r-release-macos-x86_64 1.2.1 OK
r-release-windows-ix86+x86_64 1.2.1 18.00 47.00 65.00 OK
r-oldrel-macos-x86_64 1.2.1 OK
r-oldrel-windows-ix86+x86_64 1.2.1 11.00 47.00 58.00 OK

Check Details

Version: 1.2.1
Check: package dependencies
Result: ERROR
    Package required but not available: 'syuzhet'
    
    See section 'The DESCRIPTION file' in the 'Writing R Extensions'
    manual.
Flavor: r-devel-linux-x86_64-debian-clang