Last updated on 2023-12-04 16:53:31 CET.
Flavor | Version | Tinstall | Tcheck | Ttotal | Status | Flags |
---|---|---|---|---|---|---|
r-devel-linux-x86_64-debian-clang | 4.3.0 | 37.41 | 311.07 | 348.48 | OK | |
r-devel-linux-x86_64-debian-gcc | 4.3.0 | 33.52 | 224.49 | 258.01 | OK | |
r-devel-linux-x86_64-fedora-clang | 4.3.0 | 423.71 | NOTE | |||
r-devel-linux-x86_64-fedora-gcc | 4.3.0 | 419.17 | OK | |||
r-devel-windows-x86_64 | 4.3.0 | 37.00 | 249.00 | 286.00 | NOTE | |
r-patched-linux-x86_64 | 4.3.0 | 45.81 | 295.87 | 341.68 | OK | |
r-release-linux-x86_64 | 4.3.0 | 39.05 | 290.71 | 329.76 | OK | |
r-release-macos-arm64 | 4.3.0 | 114.00 | NOTE | |||
r-release-macos-x86_64 | 4.3.0 | 282.00 | NOTE | |||
r-release-windows-x86_64 | 4.3.0 | 46.00 | 310.00 | 356.00 | NOTE | |
r-oldrel-macos-arm64 | 4.3.0 | 129.00 | NOTE | |||
r-oldrel-macos-x86_64 | 4.2.9 | 143.00 | NOTE | |||
r-oldrel-windows-x86_64 | 4.3.0 | 47.00 | 318.00 | 365.00 | NOTE |
Version: 4.3.0
Check: installed package size
Result: NOTE
installed size is 8.6Mb
sub-directories of 1Mb or more:
R 1.3Mb
doc 6.0Mb
Flavors: r-devel-linux-x86_64-fedora-clang, r-devel-windows-x86_64, r-release-macos-arm64, r-release-macos-x86_64, r-release-windows-x86_64, r-oldrel-macos-arm64, r-oldrel-windows-x86_64
Version: 4.2.9
Check: installed package size
Result: NOTE
installed size is 8.5Mb
sub-directories of 1Mb or more:
R 1.3Mb
doc 5.9Mb
Flavor: r-oldrel-macos-x86_64