CRAN Package Check Results for Package leafletCN

Last updated on 2020-06-06 03:48:31 CEST.

Flavor Version Tinstall Tcheck Ttotal Status Flags
r-devel-linux-x86_64-debian-clang 0.2.1 5.25 40.90 46.15 OK
r-devel-linux-x86_64-debian-gcc 0.2.1 4.77 32.64 37.41 OK
r-devel-linux-x86_64-fedora-clang 0.2.1 65.21 NOTE
r-devel-linux-x86_64-fedora-gcc 0.2.1 56.23 NOTE
r-devel-windows-ix86+x86_64 0.2.1 31.00 73.00 104.00 NOTE
r-patched-linux-x86_64 0.2.1 4.96 41.02 45.98 OK
r-patched-solaris-x86 0.2.1 88.60 NOTE
r-release-linux-x86_64 0.2.1 5.55 40.57 46.12 OK
r-release-osx-x86_64 0.2.1 NOTE
r-release-windows-ix86+x86_64 0.2.1 23.00 75.00 98.00 NOTE
r-oldrel-osx-x86_64 0.2.1 NOTE
r-oldrel-windows-ix86+x86_64 0.2.1 21.00 55.00 76.00 NOTE

Check Details

Version: 0.2.1
Check: installed package size
Result: NOTE
     installed size is 12.1Mb
     sub-directories of 1Mb or more:
     geojson 11.9Mb
Flavors: r-devel-linux-x86_64-fedora-clang, r-devel-windows-ix86+x86_64, r-patched-solaris-x86, r-release-osx-x86_64, r-release-windows-ix86+x86_64, r-oldrel-osx-x86_64, r-oldrel-windows-ix86+x86_64

Version: 0.2.1
Check: dependencies in R code
Result: NOTE
    Namespace in Imports field not imported from: ‘rgeos’
     All declared Imports should be used.
Flavors: r-devel-linux-x86_64-fedora-clang, r-devel-linux-x86_64-fedora-gcc, r-patched-solaris-x86, r-release-osx-x86_64, r-oldrel-osx-x86_64

Version: 0.2.1
Check: data for non-ASCII characters
Result: NOTE
     Note: found 1096 marked UTF-8 strings
Flavors: r-devel-linux-x86_64-fedora-clang, r-devel-linux-x86_64-fedora-gcc, r-patched-solaris-x86, r-release-osx-x86_64, r-oldrel-osx-x86_64