CRAN Package Check Results for Package leaflet.minicharts

Last updated on 2020-05-25 15:49:03 CEST.

Flavor Version Tinstall Tcheck Ttotal Status Flags
r-devel-linux-x86_64-debian-clang 0.6.0 3.83 37.47 41.30 OK
r-devel-linux-x86_64-debian-gcc 0.6.0 2.90 29.98 32.88 OK
r-devel-linux-x86_64-fedora-clang 0.6.0 49.81 OK
r-devel-linux-x86_64-fedora-gcc 0.6.0 57.42 OK
r-devel-windows-ix86+x86_64 0.6.0 17.00 57.00 74.00 OK
r-patched-linux-x86_64 0.6.0 2.90 37.27 40.17 OK
r-patched-solaris-x86 0.6.0 77.60 WARN
r-release-linux-x86_64 0.6.0 3.16 37.25 40.41 OK
r-release-osx-x86_64 0.6.0 OK
r-release-windows-ix86+x86_64 0.6.0 26.00 82.00 108.00 OK
r-oldrel-osx-x86_64 0.6.0 WARN
r-oldrel-windows-ix86+x86_64 0.6.0 9.00 71.00 80.00 OK

Check Details

Version: 0.6.0
Check: re-building of vignette outputs
Result: WARN
    Error(s) in re-building vignettes:
     ...
    --- re-building ‘introduction.Rmd’ using rmarkdown
    Warning in engine$weave(file, quiet = quiet, encoding = enc) :
     Pandoc (>= 1.12.3) and/or pandoc-citeproc not available. Falling back to R Markdown v1.
    
    Attaching package: 'dplyr'
    
    The following objects are masked from 'package:stats':
    
     filter, lag
    
    The following objects are masked from 'package:base':
    
     intersect, setdiff, setequal, union
    
    Quitting from lines 67-77 (introduction.Rmd)
    Error: processing vignette 'introduction.Rmd' failed with diagnostics:
    cannot open the connection
    --- failed re-building ‘introduction.Rmd’
    
    SUMMARY: processing the following file failed:
     ‘introduction.Rmd’
    
    Error: Vignette re-building failed.
    Execution halted
Flavors: r-patched-solaris-x86, r-oldrel-osx-x86_64