CRAN Package Check Results for Package leaflet.esri

Last updated on 2024-02-23 16:53:21 CET.

Flavor Version Tinstall Tcheck Ttotal Status Flags
r-devel-linux-x86_64-debian-clang 1.0.0 NOTE
r-devel-linux-x86_64-debian-gcc 1.0.0 2.99 24.48 27.47 NOTE
r-devel-linux-x86_64-fedora-clang 1.0.0 43.15 NOTE
r-devel-linux-x86_64-fedora-gcc 1.0.0 44.45 NOTE
r-devel-windows-x86_64 1.0.0 5.00 48.00 53.00 NOTE
r-patched-linux-x86_64 1.0.0 10.23 31.24 41.47 NOTE
r-release-linux-x86_64 1.0.0 2.46 30.91 33.37 NOTE
r-release-macos-arm64 1.0.0 18.00 NOTE
r-release-macos-x86_64 1.0.0 27.00 NOTE
r-release-windows-x86_64 1.0.0 6.00 51.00 57.00 NOTE
r-oldrel-macos-arm64 1.0.0 16.00 NOTE
r-oldrel-windows-x86_64 1.0.0 6.00 52.00 58.00 NOTE

Check Details

Version: 1.0.0
Check: Rd files
Result: NOTE checkRd: (-1) dynamicMapLayerOptions.Rd:23: Lost braces; missing escapes or markup? 23 | \item{layerDefs}{A string representing a query to run against the service before the image is rendered. This can be a string like "3:STATE_NAME="Kansas"" or an object mapping different queries to specific layers {3:"STATE_NAME="Kansas"", 2:"POP2007>25000"}.} | ^ checkRd: (-1) featureLayerOptions.Rd:35: Lost braces; missing escapes or markup? 35 | Can be an object like {start:"startTime", end:"endTime"} or a string like "created".} | ^ Flavors: r-devel-linux-x86_64-debian-clang, r-devel-linux-x86_64-debian-gcc

Version: 1.0.0
Check: LazyData
Result: NOTE 'LazyData' is specified without a 'data' directory Flavors: r-devel-linux-x86_64-debian-clang, r-devel-linux-x86_64-debian-gcc, r-devel-linux-x86_64-fedora-clang, r-devel-linux-x86_64-fedora-gcc, r-devel-windows-x86_64, r-patched-linux-x86_64, r-release-linux-x86_64, r-release-macos-arm64, r-release-macos-x86_64, r-release-windows-x86_64, r-oldrel-macos-arm64, r-oldrel-windows-x86_64