Last updated on 2025-01-21 04:48:28 CET.
Flavor | Version | Tinstall | Tcheck | Ttotal | Status | Flags |
---|---|---|---|---|---|---|
r-devel-linux-x86_64-debian-clang | 0.2.3 | 29.36 | 247.57 | 276.93 | NOTE | |
r-devel-linux-x86_64-debian-gcc | 0.2.3 | 21.02 | 159.78 | 180.80 | NOTE | |
r-devel-linux-x86_64-fedora-clang | 0.2.3 | 450.90 | OK | |||
r-devel-linux-x86_64-fedora-gcc | 0.2.3 | 420.46 | OK | |||
r-devel-windows-x86_64 | 0.2.3 | 31.00 | 202.00 | 233.00 | NOTE | |
r-patched-linux-x86_64 | 0.2.3 | 34.48 | 232.75 | 267.23 | OK | |
r-release-linux-x86_64 | 0.2.3 | 27.72 | 233.16 | 260.88 | OK | |
r-release-macos-arm64 | 0.2.3 | 93.00 | OK | |||
r-release-macos-x86_64 | 0.2.3 | 166.00 | OK | |||
r-release-windows-x86_64 | 0.2.3 | 28.00 | 202.00 | 230.00 | OK | |
r-oldrel-macos-arm64 | 0.2.3 | 101.00 | OK | |||
r-oldrel-macos-x86_64 | 0.2.3 | 257.00 | OK | |||
r-oldrel-windows-x86_64 | 0.2.3 | 36.00 | 262.00 | 298.00 | OK |
Version: 0.2.3
Check: Rd cross-references
Result: NOTE
Found the following Rd file(s) with Rd \link{} targets missing package
anchors:
addFeatures.Rd: addCircleMarkers, addPolylines, addPolygons
addRasterRGB.Rd: plotRGB, addRasterImage
addStarsImage.Rd: addRasterImage
garnishMap.Rd: addLayersControl
Please provide package anchors for all Rd \link{} targets not in the
package itself and the base packages.
Flavors: r-devel-linux-x86_64-debian-clang, r-devel-linux-x86_64-debian-gcc, r-devel-windows-x86_64