CRAN Package Check Results for Package lazyeval

Last updated on 2020-07-12 15:49:04 CEST.

Flavor Version Tinstall Tcheck Ttotal Status Flags
r-devel-linux-x86_64-debian-clang 0.2.2 3.01 31.21 34.22 OK
r-devel-linux-x86_64-debian-gcc 0.2.2 2.95 24.19 27.14 OK
r-devel-linux-x86_64-fedora-clang 0.2.2 50.71 OK
r-devel-linux-x86_64-fedora-gcc 0.2.2 40.77 OK
r-devel-windows-ix86+x86_64 0.2.2 22.00 82.00 104.00 OK
r-patched-linux-x86_64 0.2.2 2.26 31.24 33.50 OK
r-patched-solaris-x86 0.2.2 58.60 OK
r-release-linux-x86_64 0.2.2 3.62 31.57 35.19 OK
r-release-macos-x86_64 0.2.2 OK
r-release-windows-ix86+x86_64 0.2.2 18.00 51.00 69.00 OK
r-oldrel-macos-x86_64 0.2.2 ERROR
r-oldrel-windows-ix86+x86_64 0.2.2 26.00 54.00 80.00 OK

Check Details

Version: 0.2.2
Check: tests
Result: ERROR
     Running ‘testthat.R’ [0s/1s]
    Running the tests in ‘tests/testthat.R’ failed.
    Complete output:
     > library(testthat)
     Error: package or namespace load failed for 'testthat' in loadNamespace(i, c(lib.loc, .libPaths()), versionCheck = vI[[i]]):
     there is no package called 'rlang'
     Execution halted
Flavor: r-oldrel-macos-x86_64