CRAN Package Check Results for Package lava

Last updated on 2020-08-08 03:50:45 CEST.

Flavor Version Tinstall Tcheck Ttotal Status Flags
r-devel-linux-x86_64-debian-clang 1.6.7 38.06 293.43 331.49 OK
r-devel-linux-x86_64-debian-gcc 1.6.7 34.03 211.84 245.87 OK
r-devel-linux-x86_64-fedora-clang 1.6.7 388.64 OK
r-devel-linux-x86_64-fedora-gcc 1.6.7 380.12 OK
r-devel-windows-ix86+x86_64 1.6.7 66.00 356.00 422.00 WARN
r-patched-linux-x86_64 1.6.7 35.06 287.81 322.87 OK
r-patched-solaris-x86 1.6.7 454.80 OK
r-release-linux-x86_64 1.6.7 34.74 283.97 318.71 OK
r-release-macos-x86_64 1.6.7 OK
r-release-windows-ix86+x86_64 1.6.7 66.00 366.00 432.00 OK
r-oldrel-macos-x86_64 1.6.7 OK
r-oldrel-windows-ix86+x86_64 1.6.7 46.00 250.00 296.00 OK

Check Details

Version: 1.6.7
Check: for unstated dependencies in ‘tests’
Result: WARN
    Warning: unable to access index for repository https://CRAN.R-project.org/src/contrib:
     cannot open URL 'https://CRAN.R-project.org/src/contrib/PACKAGES'
Flavor: r-devel-windows-ix86+x86_64