CRAN Package Check Results for Package lar

Last updated on 2020-08-08 15:46:53 CEST.

Flavor Version Tinstall Tcheck Ttotal Status Flags
r-devel-linux-x86_64-debian-clang 0.1-2 10.67 93.38 104.05 OK
r-devel-linux-x86_64-debian-gcc 0.1-2 9.26 71.18 80.44 OK
r-devel-linux-x86_64-fedora-clang 0.1-2 129.59 NOTE
r-devel-linux-x86_64-fedora-gcc 0.1-2 120.05 NOTE
r-devel-windows-ix86+x86_64 0.1-2 22.00 121.00 143.00 OK
r-patched-linux-x86_64 0.1-2 10.21 91.41 101.62 OK
r-patched-solaris-x86 0.1-2 164.70 NOTE
r-release-linux-x86_64 0.1-2 11.24 91.27 102.51 OK
r-release-macos-x86_64 0.1-2 NOTE
r-release-windows-ix86+x86_64 0.1-2 31.00 101.00 132.00 OK
r-oldrel-macos-x86_64 0.1-2 NOTE
r-oldrel-windows-ix86+x86_64 0.1-2 19.00 90.00 109.00 OK

Check Details

Version: 0.1-2
Check: data for non-ASCII characters
Result: NOTE
     Note: found 6 marked UTF-8 strings
Flavors: r-devel-linux-x86_64-fedora-clang, r-devel-linux-x86_64-fedora-gcc, r-patched-solaris-x86, r-release-macos-x86_64, r-oldrel-macos-x86_64