CRAN Package Check Results for Package landscapemetrics

Last updated on 2020-10-26 03:48:26 CET.

Flavor Version Tinstall Tcheck Ttotal Status Flags
r-devel-linux-x86_64-debian-clang 1.5.0 144.35 349.88 494.23 OK
r-devel-linux-x86_64-debian-gcc 1.5.0 103.81 266.01 369.82 OK
r-devel-linux-x86_64-fedora-clang 1.5.0 620.54 NOTE
r-devel-linux-x86_64-fedora-gcc 1.5.0 598.89 OK
r-devel-windows-ix86+x86_64 1.5.0 312.00 704.00 1016.00 OK
r-patched-linux-x86_64 1.5.0 133.03 333.72 466.75 OK
r-patched-solaris-x86 1.5.0 662.30 OK
r-release-linux-x86_64 1.5.0 126.85 332.12 458.97 OK
r-release-macos-x86_64 1.5.0 OK
r-release-windows-ix86+x86_64 1.5.0 235.00 533.00 768.00 OK
r-oldrel-macos-x86_64 1.5.0 NOTE
r-oldrel-windows-ix86+x86_64 1.5.0 292.00 655.00 947.00 OK

Check Details

Version: 1.5.0
Check: installed package size
Result: NOTE
     installed size is 6.0Mb
     sub-directories of 1Mb or more:
     libs 4.2Mb
Flavors: r-devel-linux-x86_64-fedora-clang, r-oldrel-macos-x86_64