CRAN Package Check Results for Package lacrmr

Last updated on 2024-02-26 16:56:27 CET.

Flavor Version Tinstall Tcheck Ttotal Status Flags
r-devel-linux-x86_64-debian-clang 1.0.5 4.80 46.69 51.49 OK
r-devel-linux-x86_64-debian-gcc 1.0.5 4.12 35.69 39.81 OK
r-devel-linux-x86_64-fedora-clang 1.0.5 63.17 NOTE
r-devel-linux-x86_64-fedora-gcc 1.0.5 75.87 NOTE
r-devel-windows-x86_64 1.0.5 6.00 58.00 64.00 OK
r-patched-linux-x86_64 1.0.5 3.03 45.23 48.26 OK
r-release-linux-x86_64 1.0.5 3.11 44.97 48.08 OK
r-release-macos-arm64 1.0.5 28.00 OK
r-release-macos-x86_64 1.0.5 37.00 OK
r-release-windows-x86_64 1.0.5 7.00 61.00 68.00 OK
r-oldrel-macos-arm64 1.0.5 30.00 NOTE
r-oldrel-windows-x86_64 1.0.5 7.00 67.00 74.00 OK

Check Details

Version: 1.0.5
Check: dependencies in R code
Result: NOTE Namespace in Imports field not imported from: ‘stringr’ All declared Imports should be used. Flavors: r-devel-linux-x86_64-fedora-clang, r-devel-linux-x86_64-fedora-gcc, r-oldrel-macos-arm64