CRAN Package Check Results for Package l2boost

Last updated on 2024-02-29 15:53:49 CET.

Flavor Version Tinstall Tcheck Ttotal Status Flags
r-devel-linux-x86_64-debian-clang 1.0.3 2.81 41.10 43.91 NOTE
r-devel-linux-x86_64-debian-gcc 1.0.3 2.59 30.02 32.61 NOTE
r-devel-linux-x86_64-fedora-clang 1.0.3 56.55 NOTE
r-devel-linux-x86_64-fedora-gcc 1.0.3 55.08 NOTE
r-devel-windows-x86_64 1.0.3 4.00 60.00 64.00 OK
r-patched-linux-x86_64 1.0.3 3.99 37.91 41.90 OK
r-release-linux-x86_64 1.0.3 2.51 37.87 40.38 OK
r-release-macos-arm64 1.0.3 21.00 OK
r-release-macos-x86_64 1.0.3 30.00 OK
r-release-windows-x86_64 1.0.3 4.00 60.00 64.00 OK
r-oldrel-macos-arm64 1.0.3 21.00 OK
r-oldrel-windows-x86_64 1.0.3 5.00 60.00 65.00 OK

Check Details

Version: 1.0.3
Check: Rd files
Result: NOTE checkRd: (-1) predict.l2boost.Rd:24: Lost braces in \itemize; \value handles \item{}{} directly checkRd: (-1) predict.l2boost.Rd:25: Lost braces in \itemize; \value handles \item{}{} directly checkRd: (-1) predict.l2boost.Rd:29: Lost braces in \itemize; \value handles \item{}{} directly checkRd: (-1) predict.l2boost.Rd:30: Lost braces in \itemize; \value handles \item{}{} directly checkRd: (-1) predict.l2boost.Rd:31: Lost braces in \itemize; \value handles \item{}{} directly checkRd: (-1) predict.l2boost.Rd:32: Lost braces in \itemize; \value handles \item{}{} directly Flavors: r-devel-linux-x86_64-debian-clang, r-devel-linux-x86_64-debian-gcc, r-devel-linux-x86_64-fedora-clang, r-devel-linux-x86_64-fedora-gcc