CRAN Package Check Results for Package kzfs

Last updated on 2020-08-08 15:46:53 CEST.

Flavor Version Tinstall Tcheck Ttotal Status Flags
r-devel-linux-x86_64-debian-clang 1.5.0.2 9.67 57.24 66.91 OK
r-devel-linux-x86_64-debian-gcc 1.5.0.2 5.20 42.04 47.24 OK
r-devel-linux-x86_64-fedora-clang 1.5.0.2 81.83 NOTE
r-devel-linux-x86_64-fedora-gcc 1.5.0.2 74.69 OK
r-devel-windows-ix86+x86_64 1.5.0.2 20.00 110.00 130.00 OK
r-patched-linux-x86_64 1.5.0.2 6.38 56.95 63.33 OK
r-patched-solaris-x86 1.5.0.2 101.00 OK
r-release-linux-x86_64 1.5.0.2 7.21 56.78 63.99 OK
r-release-macos-x86_64 1.5.0.2 OK
r-release-windows-ix86+x86_64 1.5.0.2 20.00 84.00 104.00 OK
r-oldrel-macos-x86_64 1.5.0.2 OK
r-oldrel-windows-ix86+x86_64 1.5.0.2 11.00 100.00 111.00 OK

Check Details

Version: 1.5.0.2
Check: Rd cross-references
Result: NOTE
    Undeclared package ‘kza’ in Rd xrefs
Flavor: r-devel-linux-x86_64-fedora-clang