CRAN Package Check Results for Package kutils

Last updated on 2020-08-11 03:47:53 CEST.

Flavor Version Tinstall Tcheck Ttotal Status Flags
r-devel-linux-x86_64-debian-clang 1.70 5.57 63.88 69.45 OK
r-devel-linux-x86_64-debian-gcc 1.70 5.43 48.05 53.48 OK
r-devel-linux-x86_64-fedora-clang 1.70 90.50 NOTE
r-devel-linux-x86_64-fedora-gcc 1.70 81.80 NOTE
r-devel-windows-ix86+x86_64 1.70 17.00 111.00 128.00 OK
r-patched-linux-x86_64 1.70 5.86 63.53 69.39 OK
r-patched-solaris-x86 1.70 112.70 NOTE
r-release-linux-x86_64 1.70 5.64 63.40 69.04 OK
r-release-macos-x86_64 1.70 NOTE
r-release-windows-ix86+x86_64 1.70 16.00 106.00 122.00 OK
r-oldrel-macos-x86_64 1.70 NOTE
r-oldrel-windows-ix86+x86_64 1.70 8.00 83.00 91.00 OK

Check Details

Version: 1.70
Check: dependencies in R code
Result: NOTE
    Namespace in Imports field not imported from: ‘RUnit’
     All declared Imports should be used.
Flavors: r-devel-linux-x86_64-fedora-clang, r-devel-linux-x86_64-fedora-gcc, r-patched-solaris-x86, r-release-macos-x86_64, r-oldrel-macos-x86_64