CRAN Package Check Results for Package kssa

Last updated on 2025-01-21 04:48:28 CET.

Flavor Version Tinstall Tcheck Ttotal Status Flags
r-devel-linux-x86_64-debian-clang 0.0.1 7.70 60.97 68.67 NOTE
r-devel-linux-x86_64-debian-gcc 0.0.1 4.92 42.15 47.07 NOTE
r-devel-linux-x86_64-fedora-clang 0.0.1 106.42 OK
r-devel-linux-x86_64-fedora-gcc 0.0.1 99.40 OK
r-devel-windows-x86_64 0.0.1 8.00 74.00 82.00 NOTE
r-patched-linux-x86_64 0.0.1 11.26 54.89 66.15 OK
r-release-linux-x86_64 0.0.1 7.02 55.03 62.05 OK
r-release-macos-arm64 0.0.1 31.00 OK
r-release-macos-x86_64 0.0.1 48.00 OK
r-release-windows-x86_64 0.0.1 10.00 75.00 85.00 OK
r-oldrel-macos-arm64 0.0.1 35.00 OK
r-oldrel-macos-x86_64 0.0.1 46.00 OK
r-oldrel-windows-x86_64 0.0.1 12.00 83.00 95.00 OK

Check Details

Version: 0.0.1
Check: Rd cross-references
Result: NOTE Found the following Rd file(s) with Rd \link{} targets missing package anchors: get_imputations.Rd: imputeTS, forecast kssa.Rd: imputeTS, forecast Please provide package anchors for all Rd \link{} targets not in the package itself and the base packages. Flavors: r-devel-linux-x86_64-debian-clang, r-devel-linux-x86_64-debian-gcc, r-devel-windows-x86_64