CRAN Package Check Results for Package kselection

Last updated on 2020-10-30 15:49:19 CET.

Flavor Version Tinstall Tcheck Ttotal Status Flags
r-devel-linux-x86_64-debian-clang 0.2.0 1.80 23.23 25.03 NOTE
r-devel-linux-x86_64-debian-gcc 0.2.0 1.45 18.49 19.94 NOTE
r-devel-linux-x86_64-fedora-clang 0.2.0 41.17 NOTE
r-devel-linux-x86_64-fedora-gcc 0.2.0 30.72 NOTE
r-devel-windows-ix86+x86_64 0.2.0 5.00 51.00 56.00 NOTE
r-patched-linux-x86_64 0.2.0 1.70 22.66 24.36 NOTE
r-patched-solaris-x86 0.2.0 45.90 NOTE
r-release-linux-x86_64 0.2.0 1.96 22.52 24.48 NOTE
r-release-macos-x86_64 0.2.0 NOTE
r-release-windows-ix86+x86_64 0.2.0 5.00 40.00 45.00 NOTE
r-oldrel-macos-x86_64 0.2.0 NOTE
r-oldrel-windows-ix86+x86_64 0.2.0 13.00 42.00 55.00 NOTE

Check Details

Version: 0.2.0
Check: R code for possible problems
Result: NOTE
    kselection: no visible global function definition for 'txtProgressBar'
    kselection: no visible global function definition for
     'setTxtProgressBar'
    plot.Kselection: no visible global function definition for 'lines'
    plot.Kselection: no visible global function definition for 'legend'
    Undefined global functions or variables:
     legend lines setTxtProgressBar txtProgressBar
    Consider adding
     importFrom("graphics", "legend", "lines")
     importFrom("utils", "setTxtProgressBar", "txtProgressBar")
    to your NAMESPACE file.
Flavors: r-devel-linux-x86_64-debian-clang, r-devel-linux-x86_64-debian-gcc, r-devel-linux-x86_64-fedora-clang, r-devel-linux-x86_64-fedora-gcc, r-devel-windows-ix86+x86_64, r-patched-linux-x86_64, r-patched-solaris-x86, r-release-linux-x86_64, r-release-macos-x86_64, r-release-windows-ix86+x86_64

Version: 0.2.0
Check: R code for possible problems
Result: NOTE
    kselection: no visible global function definition for ‘txtProgressBar’
    kselection: no visible global function definition for
     ‘setTxtProgressBar’
    plot.Kselection: no visible global function definition for ‘plot’
    plot.Kselection: no visible global function definition for ‘lines’
    plot.Kselection: no visible global function definition for ‘legend’
    Undefined global functions or variables:
     legend lines plot setTxtProgressBar txtProgressBar
    Consider adding
     importFrom("graphics", "legend", "lines", "plot")
     importFrom("utils", "setTxtProgressBar", "txtProgressBar")
    to your NAMESPACE file.
Flavors: r-oldrel-macos-x86_64, r-oldrel-windows-ix86+x86_64