CRAN Package Check Results for Package ks

Last updated on 2020-05-27 03:48:35 CEST.

Flavor Version Tinstall Tcheck Ttotal Status Flags
r-devel-linux-x86_64-debian-clang 1.11.7 27.16 179.53 206.69 OK
r-devel-linux-x86_64-debian-gcc 1.11.7 19.71 133.76 153.47 OK
r-devel-linux-x86_64-fedora-clang 1.11.7 238.13 OK
r-devel-linux-x86_64-fedora-gcc 1.11.7 242.17 OK
r-devel-windows-ix86+x86_64 1.11.7 49.00 247.00 296.00 OK
r-patched-linux-x86_64 1.11.7 24.36 178.53 202.89 OK
r-patched-solaris-x86 1.11.7 409.80 OK
r-release-linux-x86_64 1.11.7 22.73 179.15 201.88 OK
r-release-osx-x86_64 1.11.7 OK
r-release-windows-ix86+x86_64 1.11.7 31.00 324.00 355.00 OK
r-oldrel-osx-x86_64 1.11.7 NOTE
r-oldrel-windows-ix86+x86_64 1.11.7 39.00 253.00 292.00 OK

Check Details

Version: 1.11.7
Check: dependencies in R code
Result: NOTE
    No protocol specified
Flavor: r-oldrel-osx-x86_64