Last updated on 2023-11-28 16:48:22 CET.
Flavor | Version | Tinstall | Tcheck | Ttotal | Status | Flags |
---|---|---|---|---|---|---|
r-devel-linux-x86_64-debian-clang | 0.4.0 | 6.46 | 87.74 | 94.20 | OK | |
r-devel-linux-x86_64-debian-gcc | 0.4.0 | 6.36 | 64.26 | 70.62 | OK | |
r-devel-linux-x86_64-fedora-clang | 0.4.0 | 117.83 | NOTE | |||
r-devel-linux-x86_64-fedora-gcc | 0.4.0 | 124.12 | NOTE | |||
r-devel-windows-x86_64 | 0.4.0 | 8.00 | 81.00 | 89.00 | OK | |
r-patched-linux-x86_64 | 0.4.0 | 8.45 | 83.33 | 91.78 | OK | |
r-release-linux-x86_64 | 0.4.0 | 6.02 | 81.57 | 87.59 | OK | |
r-release-macos-arm64 | 0.4.0 | 43.00 | OK | |||
r-release-macos-x86_64 | 0.4.0 | 79.00 | OK | |||
r-release-windows-x86_64 | 0.4.0 | 11.00 | 98.00 | 109.00 | OK | |
r-oldrel-macos-arm64 | 0.4.0 | 38.00 | NOTE | |||
r-oldrel-macos-x86_64 | 0.4.0 | 68.00 | NOTE | |||
r-oldrel-windows-x86_64 | 0.4.0 | 11.00 | 100.00 | 111.00 | OK |
Version: 0.4.0
Check: dependencies in R code
Result: NOTE
Namespaces in Imports field not imported from:
‘mice’ ‘tibble’
All declared Imports should be used.
Flavors: r-devel-linux-x86_64-fedora-clang, r-devel-linux-x86_64-fedora-gcc, r-oldrel-macos-arm64, r-oldrel-macos-x86_64