CRAN Package Check Results for Package koRpus

Last updated on 2020-10-26 03:48:26 CET.

Flavor Version Tinstall Tcheck Ttotal Status Flags
r-devel-linux-x86_64-debian-clang 0.13-3 22.02 158.77 180.79 NOTE
r-devel-linux-x86_64-debian-gcc 0.13-3 19.58 115.80 135.38 NOTE
r-devel-linux-x86_64-fedora-clang 0.13-3 227.06 NOTE
r-devel-linux-x86_64-fedora-gcc 0.13-3 208.47 NOTE
r-devel-windows-ix86+x86_64 0.13-3 44.00 194.00 238.00 NOTE
r-patched-linux-x86_64 0.13-3 21.95 145.42 167.37 NOTE
r-patched-solaris-x86 0.13-3 245.70 NOTE
r-release-linux-x86_64 0.13-3 22.12 145.82 167.94 NOTE
r-release-macos-x86_64 0.13-3 NOTE
r-release-windows-ix86+x86_64 0.13-3 34.00 152.00 186.00 NOTE
r-oldrel-macos-x86_64 0.13-3 NOTE
r-oldrel-windows-ix86+x86_64 0.13-3 38.00 193.00 231.00 NOTE

Check Details

Version: 0.13-3
Check: package dependencies
Result: NOTE
    Packages suggested but not available for checking:
     'koRpus.lang.de', 'koRpus.lang.es', 'koRpus.lang.fr',
     'koRpus.lang.it', 'koRpus.lang.nl', 'koRpus.lang.pt',
     'koRpus.lang.ru'
    
    Package which this enhances but not available for checking: 'rkward'
Flavors: r-devel-linux-x86_64-debian-clang, r-devel-linux-x86_64-debian-gcc, r-devel-linux-x86_64-fedora-clang, r-devel-linux-x86_64-fedora-gcc, r-devel-windows-ix86+x86_64, r-patched-linux-x86_64, r-patched-solaris-x86, r-release-linux-x86_64, r-release-macos-x86_64, r-release-windows-ix86+x86_64, r-oldrel-macos-x86_64, r-oldrel-windows-ix86+x86_64