CRAN Package Check Results for Package koRpus

Last updated on 2020-08-04 03:47:55 CEST.

Flavor Version Tinstall Tcheck Ttotal Status Flags
r-devel-linux-x86_64-debian-clang 0.11-5 16.95 105.53 122.48 NOTE
r-devel-linux-x86_64-debian-gcc 0.11-5 14.80 78.32 93.12 NOTE
r-devel-linux-x86_64-fedora-clang 0.11-5 154.42 NOTE
r-devel-linux-x86_64-fedora-gcc 0.11-5 143.37 NOTE
r-devel-windows-ix86+x86_64 0.11-5 39.00 118.00 157.00 NOTE
r-patched-linux-x86_64 0.11-5 17.43 105.04 122.47 NOTE
r-patched-solaris-x86 0.11-5 177.60 NOTE
r-release-linux-x86_64 0.11-5 16.48 104.49 120.97 NOTE
r-release-macos-x86_64 0.11-5 NOTE
r-release-windows-ix86+x86_64 0.11-5 38.00 162.00 200.00 NOTE
r-oldrel-macos-x86_64 0.11-5 NOTE
r-oldrel-windows-ix86+x86_64 0.11-5 24.00 110.00 134.00 NOTE

Check Details

Version: 0.11-5
Check: package dependencies
Result: NOTE
    Packages suggested but not available for checking:
     'koRpus.lang.de', 'koRpus.lang.es', 'koRpus.lang.fr',
     'koRpus.lang.it', 'koRpus.lang.ru'
    
    Package which this enhances but not available for checking: 'rkward'
Flavors: r-devel-linux-x86_64-debian-clang, r-devel-linux-x86_64-debian-gcc, r-devel-linux-x86_64-fedora-clang, r-devel-linux-x86_64-fedora-gcc, r-devel-windows-ix86+x86_64, r-patched-linux-x86_64, r-patched-solaris-x86, r-release-linux-x86_64, r-release-macos-x86_64, r-release-windows-ix86+x86_64, r-oldrel-macos-x86_64, r-oldrel-windows-ix86+x86_64