CRAN Package Check Results for Package kmodR

Last updated on 2020-06-02 03:47:52 CEST.

Flavor Version Tinstall Tcheck Ttotal Status Flags
r-devel-linux-x86_64-debian-clang 0.1.0 1.81 20.56 22.37 NOTE
r-devel-linux-x86_64-debian-gcc 0.1.0 1.55 16.18 17.73 NOTE
r-devel-linux-x86_64-fedora-clang 0.1.0 36.05 NOTE
r-devel-linux-x86_64-fedora-gcc 0.1.0 26.85 NOTE
r-devel-windows-ix86+x86_64 0.1.0 6.00 35.00 41.00 NOTE
r-patched-linux-x86_64 0.1.0 1.70 21.13 22.83 NOTE
r-patched-solaris-x86 0.1.0 44.30 NOTE
r-release-linux-x86_64 0.1.0 1.93 20.67 22.60 NOTE
r-release-osx-x86_64 0.1.0 NOTE
r-release-windows-ix86+x86_64 0.1.0 4.00 47.00 51.00 NOTE
r-oldrel-osx-x86_64 0.1.0 NOTE
r-oldrel-windows-ix86+x86_64 0.1.0 5.00 33.00 38.00 NOTE

Check Details

Version: 0.1.0
Check: R code for possible problems
Result: NOTE
    C_zero : <anonymous>: no visible global function definition for 'runif'
    get_extra_centroid_index: no visible global function definition for
     'head'
    get_within_cluster_ss: no visible global function definition for
     'aggregate'
    kmod: no visible global function definition for 'head'
    kmod: no visible global function definition for 'tail'
    Undefined global functions or variables:
     aggregate head runif tail
    Consider adding
     importFrom("stats", "aggregate", "runif")
     importFrom("utils", "head", "tail")
    to your NAMESPACE file.
Flavors: r-devel-linux-x86_64-debian-clang, r-devel-linux-x86_64-debian-gcc, r-devel-linux-x86_64-fedora-clang, r-devel-linux-x86_64-fedora-gcc, r-devel-windows-ix86+x86_64, r-patched-linux-x86_64, r-patched-solaris-x86, r-release-linux-x86_64, r-release-osx-x86_64, r-release-windows-ix86+x86_64, r-oldrel-osx-x86_64, r-oldrel-windows-ix86+x86_64