CRAN Package Check Results for Package kmc

Last updated on 2024-02-23 05:07:23 CET.

Flavor Version Tinstall Tcheck Ttotal Status Flags
r-devel-linux-x86_64-debian-clang 0.4-2 NOTE
r-devel-linux-x86_64-debian-gcc 0.4-2 22.89 62.33 85.22 NOTE
r-devel-linux-x86_64-fedora-clang 0.4-2 145.38 OK
r-devel-linux-x86_64-fedora-gcc 0.4-2 141.96 OK
r-devel-windows-x86_64 0.4-2 27.00 92.00 119.00 OK
r-patched-linux-x86_64 0.4-2 26.68 80.67 107.35 OK
r-release-linux-x86_64 0.4-2 30.71 80.99 111.70 OK
r-release-macos-arm64 0.4-2 35.00 OK
r-release-macos-x86_64 0.4-2 71.00 OK
r-release-windows-x86_64 0.4-2 34.00 112.00 146.00 OK
r-oldrel-macos-arm64 0.4-2 41.00 OK
r-oldrel-windows-x86_64 0.4-2 34.00 113.00 147.00 OK

Check Details

Version: 0.4-2
Check: Rd files
Result: NOTE checkRd: (-1) plotkmc.Rd:21: Lost braces; missing escapes or markup? 21 | list of two functions,flist=list( f1=function( x ) { x } ,f2=function( x ) { x^2 } ) | ^ checkRd: (-1) plotkmc.Rd:21: Lost braces; missing escapes or markup? 21 | list of two functions,flist=list( f1=function( x ) { x } ,f2=function( x ) { x^2 } ) | ^ Flavors: r-devel-linux-x86_64-debian-clang, r-devel-linux-x86_64-debian-gcc