CRAN Package Check Results for Package kmBlock

Last updated on 2025-01-21 16:50:10 CET.

Flavor Version Tinstall Tcheck Ttotal Status Flags
r-devel-linux-x86_64-debian-clang 0.1.2 27.26 57.47 84.73 NOTE
r-devel-linux-x86_64-debian-gcc 0.1.2 17.96 45.28 63.24 NOTE
r-devel-linux-x86_64-fedora-clang 0.1.2 151.36 OK
r-devel-linux-x86_64-fedora-gcc 0.1.2 143.26 OK
r-devel-windows-x86_64 0.1.2 29.00 93.00 122.00 NOTE
r-patched-linux-x86_64 0.1.2 27.82 55.12 82.94 OK
r-release-linux-x86_64 0.1.2 26.42 54.62 81.04 OK
r-release-macos-arm64 0.1.2 39.00 OK
r-release-macos-x86_64 0.1.2 81.00 OK
r-release-windows-x86_64 0.1.2 29.00 91.00 120.00 OK
r-oldrel-macos-arm64 0.1.2 60.00 OK
r-oldrel-macos-x86_64 0.1.2 107.00 OK
r-oldrel-windows-x86_64 0.1.2 35.00 108.00 143.00 OK

Check Details

Version: 0.1.2
Check: Rd cross-references
Result: NOTE Found the following Rd file(s) with Rd \link{} targets missing package anchors: kmBlockORPC.Rd: genRandomPar Please provide package anchors for all Rd \link{} targets not in the package itself and the base packages. Flavors: r-devel-linux-x86_64-debian-clang, r-devel-linux-x86_64-debian-gcc, r-devel-windows-x86_64