CRAN Package Check Results for Package klaR

Last updated on 2020-07-12 15:49:03 CEST.

Flavor Version Tinstall Tcheck Ttotal Status Flags
r-devel-linux-x86_64-debian-clang 0.6-15 13.18 117.52 130.70 OK
r-devel-linux-x86_64-debian-gcc 0.6-15 11.89 85.79 97.68 OK
r-devel-linux-x86_64-fedora-clang 0.6-15 157.32 NOTE
r-devel-linux-x86_64-fedora-gcc 0.6-15 146.66 OK
r-devel-windows-ix86+x86_64 0.6-15 23.00 163.00 186.00 OK
r-patched-linux-x86_64 0.6-15 12.83 113.84 126.67 OK
r-patched-solaris-x86 0.6-15 193.50 OK
r-release-linux-x86_64 0.6-15 12.34 114.27 126.61 OK
r-release-macos-x86_64 0.6-15 OK
r-release-windows-ix86+x86_64 0.6-15 40.00 128.00 168.00 OK
r-oldrel-macos-x86_64 0.6-15 OK
r-oldrel-windows-ix86+x86_64 0.6-15 21.00 127.00 148.00 OK

Additional issues

MKL

Check Details

Version: 0.6-15
Check: Rd cross-references
Result: NOTE
    Undeclared packages ‘clustMixType’, ‘randomForest’, ‘ClustVarLV’ in Rd xrefs
Flavor: r-devel-linux-x86_64-fedora-clang