Last updated on 2023-12-07 16:49:35 CET.
Flavor | Version | Tinstall | Tcheck | Ttotal | Status | Flags |
---|---|---|---|---|---|---|
r-devel-linux-x86_64-debian-clang | 1.3.5 | 3.63 | 41.89 | 45.52 | NOTE | |
r-devel-linux-x86_64-debian-gcc | 1.3.5 | 2.33 | 32.19 | 34.52 | NOTE | |
r-devel-linux-x86_64-fedora-clang | 1.3.5 | 56.34 | NOTE | |||
r-devel-linux-x86_64-fedora-gcc | 1.3.5 | 54.90 | NOTE | |||
r-devel-windows-x86_64 | 1.3.5 | 5.00 | 57.00 | 62.00 | NOTE | |
r-patched-linux-x86_64 | 1.3.5 | 3.85 | 42.61 | 46.46 | NOTE | |
r-release-linux-x86_64 | 1.3.5 | 3.64 | 41.91 | 45.55 | NOTE | |
r-release-macos-arm64 | 1.3.5 | 24.00 | NOTE | |||
r-release-macos-x86_64 | 1.3.5 | 36.00 | NOTE | |||
r-release-windows-x86_64 | 1.3.5 | 6.00 | 63.00 | 69.00 | NOTE | |
r-oldrel-macos-arm64 | 1.3.5 | 22.00 | NOTE | |||
r-oldrel-macos-x86_64 | 1.3.5 | 40.00 | NOTE | |||
r-oldrel-windows-x86_64 | 1.3.5 | 5.00 | 65.00 | 70.00 | NOTE |
Version: 1.3.5
Check: LazyData
Result: NOTE
'LazyData' is specified without a 'data' directory
Flavors: r-devel-linux-x86_64-debian-clang, r-devel-linux-x86_64-debian-gcc, r-devel-linux-x86_64-fedora-clang, r-devel-linux-x86_64-fedora-gcc, r-devel-windows-x86_64, r-patched-linux-x86_64, r-release-linux-x86_64, r-release-macos-arm64, r-release-macos-x86_64, r-release-windows-x86_64, r-oldrel-macos-arm64, r-oldrel-macos-x86_64, r-oldrel-windows-x86_64