Last updated on 2023-12-10 04:56:01 CET.
Flavor | Version | Tinstall | Tcheck | Ttotal | Status | Flags |
---|---|---|---|---|---|---|
r-devel-linux-x86_64-debian-clang | 0.5.5 | 13.13 | 115.87 | 129.00 | NOTE | |
r-devel-linux-x86_64-debian-gcc | 0.5.5 | 15.85 | 86.25 | 102.10 | NOTE | |
r-devel-linux-x86_64-fedora-clang | 0.5.5 | 178.83 | NOTE | |||
r-devel-linux-x86_64-fedora-gcc | 0.5.5 | 182.17 | NOTE | |||
r-devel-windows-x86_64 | 0.5.5 | 23.00 | 124.00 | 147.00 | NOTE | |
r-patched-linux-x86_64 | 0.5.5 | 14.88 | 115.20 | 130.08 | OK | |
r-release-linux-x86_64 | 0.5.5 | 13.07 | 113.23 | 126.30 | OK | |
r-release-macos-arm64 | 0.5.5 | 50.00 | OK | |||
r-release-macos-x86_64 | 0.5.5 | 90.00 | OK | |||
r-release-windows-x86_64 | 0.5.5 | 30.00 | 148.00 | 178.00 | OK | |
r-oldrel-macos-arm64 | 0.5.5 | 46.00 | OK | |||
r-oldrel-macos-x86_64 | 0.5.5 | 72.00 | OK | |||
r-oldrel-windows-x86_64 | 0.5.5 | 31.00 | 147.00 | 178.00 | OK |
Version: 0.5.5
Check: Rd files
Result: NOTE
checkRd: (-1) checkGrad.Rd:73-75: Lost braces in \itemize; \value handles \item{}{} directly
checkRd: (-1) checkGrad.Rd:77-79: Lost braces in \itemize; \value handles \item{}{} directly
checkRd: (-1) checkGrad.Rd:81-85: Lost braces in \itemize; \value handles \item{}{} directly
checkRd: (-1) plot.gp.Rd:48: Lost braces; missing escapes or markup?
48 | A subset of {1, 2, 3} indicating which figures to plot (see
| ^
checkRd: (-1) prinKrige.Rd:21-26: Lost braces in \itemize; \value handles \item{}{} directly
checkRd: (-1) prinKrige.Rd:27-32: Lost braces in \itemize; \value handles \item{}{} directly
checkRd: (-1) prinKrige.Rd:33-37: Lost braces in \itemize; \value handles \item{}{} directly
checkRd: (-1) simulate.gp.Rd:104-105: Lost braces in \itemize; \value handles \item{}{} directly
checkRd: (-1) simulate.gp.Rd:106: Lost braces in \itemize; \value handles \item{}{} directly
checkRd: (-1) simulate.gp.Rd:107: Lost braces in \itemize; \value handles \item{}{} directly
checkRd: (-1) simulate.gp.Rd:108: Lost braces in \itemize; \value handles \item{}{} directly
checkRd: (-1) simulate.gp.Rd:109-110: Lost braces in \itemize; \value handles \item{}{} directly
checkRd: (-1) simulate.gp.Rd:110: Lost braces in \itemize; \value handles \item{}{} directly
Flavors: r-devel-linux-x86_64-debian-clang, r-devel-linux-x86_64-debian-gcc
Version: 0.5.5
Check: Rd contents
Result: NOTE
Argument items with no description in Rd file 'covQualNested.Rd':
‘covBet’
Flavors: r-devel-linux-x86_64-debian-clang, r-devel-linux-x86_64-debian-gcc, r-devel-linux-x86_64-fedora-clang, r-devel-linux-x86_64-fedora-gcc, r-devel-windows-x86_64