Last updated on 2023-12-04 16:53:30 CET.
Flavor | Version | Tinstall | Tcheck | Ttotal | Status | Flags |
---|---|---|---|---|---|---|
r-devel-linux-x86_64-debian-clang | 2.13.0 | 26.83 | 242.64 | 269.47 | NOTE | |
r-devel-linux-x86_64-debian-gcc | 2.13.0 | 22.40 | 186.68 | 209.08 | NOTE | |
r-devel-linux-x86_64-fedora-clang | 2.13.0 | 333.36 | OK | |||
r-devel-linux-x86_64-fedora-gcc | 2.13.0 | 334.69 | OK | |||
r-devel-windows-x86_64 | 2.13.0 | 25.00 | 275.00 | 300.00 | OK | |
r-patched-linux-x86_64 | 2.13.0 | 47.84 | 230.07 | 277.91 | OK | |
r-release-linux-x86_64 | 2.13.0 | 23.89 | 233.97 | 257.86 | OK | |
r-release-macos-arm64 | 2.13.0 | 111.00 | OK | |||
r-release-macos-x86_64 | 2.13.0 | 171.00 | NOTE | |||
r-release-windows-x86_64 | 2.13.0 | 32.00 | 317.00 | 349.00 | OK | |
r-oldrel-macos-arm64 | 2.13.0 | 90.00 | OK | |||
r-oldrel-macos-x86_64 | 2.13.0 | 118.00 | OK | |||
r-oldrel-windows-x86_64 | 2.13.0 | 35.00 | 221.00 | 256.00 | OK |
Version: 2.13.0
Check: Rd files
Result: NOTE
checkRd: (-1) image_load.Rd:20: Lost braces
20 | \item{color_mode}{One of {\code{"grayscale"}, \code{"rgb"}, \code{"rgba"}}.
| ^
checkRd: (-1) k_placeholder.Rd:19: Lost braces
19 | \item{ndim}{Number of axes of the tensor. At least one of {\code{shape}, \code{ndim}}
| ^
checkRd: (-1) metric_auc.Rd:40: Lost braces; missing escapes or markup?
40 | to {-epsilon, 1+epsilon} for a small positive epsilon value will be
| ^
Flavors: r-devel-linux-x86_64-debian-clang, r-devel-linux-x86_64-debian-gcc
Version: 2.13.0
Check: installed package size
Result: NOTE
installed size is 5.4Mb
sub-directories of 1Mb or more:
doc 2.0Mb
help 2.4Mb
Flavor: r-release-macos-x86_64