CRAN Package Check Results for Package kdtools

Last updated on 2020-08-03 05:48:51 CEST.

Flavor Version Tinstall Tcheck Ttotal Status Flags
r-devel-linux-x86_64-debian-clang 0.4.2 253.91 142.79 396.70 OK
r-devel-linux-x86_64-debian-gcc 0.4.2 86.59 97.17 183.76 OK
r-devel-linux-x86_64-fedora-clang 0.4.2 307.72 NOTE
r-devel-linux-x86_64-fedora-gcc 0.4.2 303.37 OK
r-devel-windows-ix86+x86_64 0.4.2 196.00 172.00 368.00 NOTE
r-patched-linux-x86_64 0.4.2 88.62 115.96 204.58 OK
r-patched-solaris-x86 0.4.2 367.40 OK
r-release-linux-x86_64 0.4.2 85.99 117.05 203.04 OK
r-release-macos-x86_64 0.4.2 NOTE
r-release-windows-ix86+x86_64 0.4.2 195.00 227.00 422.00 NOTE
r-oldrel-macos-x86_64 0.4.2 NOTE
r-oldrel-windows-ix86+x86_64 0.4.2 164.00 146.00 310.00 NOTE

Check Details

Version: 0.4.2
Check: installed package size
Result: NOTE
     installed size is 18.0Mb
     sub-directories of 1Mb or more:
     libs 16.7Mb
Flavors: r-devel-linux-x86_64-fedora-clang, r-devel-windows-ix86+x86_64, r-release-macos-x86_64, r-release-windows-ix86+x86_64, r-oldrel-macos-x86_64, r-oldrel-windows-ix86+x86_64