CRAN Package Check Results for Package kde1d

Last updated on 2023-11-29 04:57:25 CET.

Flavor Version Tinstall Tcheck Ttotal Status Flags
r-devel-linux-x86_64-debian-clang 1.0.5 44.61 33.13 77.74 NOTE
r-devel-linux-x86_64-debian-gcc 1.0.5 34.83 26.50 61.33 NOTE
r-devel-linux-x86_64-fedora-clang 1.0.5 110.07 NOTE
r-devel-linux-x86_64-fedora-gcc 1.0.5 117.05 NOTE
r-devel-windows-x86_64 1.0.5 35.00 71.00 106.00 NOTE
r-patched-linux-x86_64 1.0.5 44.15 33.88 78.03 NOTE
r-release-linux-x86_64 1.0.5 43.52 33.80 77.32 NOTE
r-release-macos-arm64 1.0.5 39.00 NOTE
r-release-macos-x86_64 1.0.5 57.00 NOTE
r-release-windows-x86_64 1.0.5 47.00 76.00 123.00 NOTE
r-oldrel-macos-arm64 1.0.5 36.00 NOTE
r-oldrel-macos-x86_64 1.0.5 47.00 NOTE
r-oldrel-windows-x86_64 1.0.5 43.00 76.00 119.00 OK

Check Details

Version: 1.0.5
Check: C++ specification
Result: NOTE Specified C++11: please drop specification unless essential Flavors: r-devel-linux-x86_64-debian-clang, r-devel-linux-x86_64-debian-gcc, r-devel-linux-x86_64-fedora-clang, r-devel-linux-x86_64-fedora-gcc, r-devel-windows-x86_64, r-patched-linux-x86_64, r-release-linux-x86_64, r-release-macos-arm64, r-release-macos-x86_64, r-release-windows-x86_64

Version: 1.0.5
Check: installed package size
Result: NOTE installed size is 16.0Mb sub-directories of 1Mb or more: libs 15.8Mb Flavors: r-release-macos-arm64, r-release-macos-x86_64, r-oldrel-macos-arm64, r-oldrel-macos-x86_64