CRAN Package Check Results for Package jwutil

Last updated on 2020-08-13 15:51:09 CEST.

Flavor Version Tinstall Tcheck Ttotal Status Flags
r-devel-linux-x86_64-debian-clang 1.2.3 68.63 43.92 112.55 OK
r-devel-linux-x86_64-debian-gcc 1.2.3 56.05 33.73 89.78 OK
r-devel-linux-x86_64-fedora-clang 1.2.3 168.40 NOTE
r-devel-linux-x86_64-fedora-gcc 1.2.3 150.44 OK
r-devel-windows-ix86+x86_64 1.2.3 180.00 106.00 286.00 OK
r-patched-linux-x86_64 1.2.3 57.95 43.36 101.31 OK
r-patched-solaris-x86 1.2.3 120.20 OK
r-release-linux-x86_64 1.2.3 56.05 43.63 99.68 OK
r-release-macos-x86_64 1.2.3 NOTE
r-release-windows-ix86+x86_64 1.2.3 172.00 114.00 286.00 OK
r-oldrel-macos-x86_64 1.2.3 NOTE
r-oldrel-windows-ix86+x86_64 1.2.3 130.00 82.00 212.00 OK

Check Details

Version: 1.2.3
Check: installed package size
Result: NOTE
     installed size is 7.2Mb
     sub-directories of 1Mb or more:
     libs 6.9Mb
Flavors: r-devel-linux-x86_64-fedora-clang, r-release-macos-x86_64, r-oldrel-macos-x86_64