CRAN Package Check Results for Package jti

Last updated on 2023-12-10 04:56:01 CET.

Flavor Version Tinstall Tcheck Ttotal Status Flags
r-devel-linux-x86_64-debian-clang 0.8.4 80.52 50.31 130.83 NOTE
r-devel-linux-x86_64-debian-gcc 0.8.4 54.83 37.48 92.31 NOTE
r-devel-linux-x86_64-fedora-clang 0.8.4 189.57 NOTE
r-devel-linux-x86_64-fedora-gcc 0.8.4 196.40 NOTE
r-devel-windows-x86_64 0.8.4 62.00 84.00 146.00 NOTE
r-patched-linux-x86_64 0.8.4 72.26 48.81 121.07 NOTE
r-release-linux-x86_64 0.8.4 67.23 47.54 114.77 NOTE
r-release-macos-arm64 0.8.4 54.00 NOTE
r-release-macos-x86_64 0.8.4 81.00 NOTE
r-release-windows-x86_64 0.8.4 78.00 97.00 175.00 NOTE
r-oldrel-macos-arm64 0.8.4 48.00 OK
r-oldrel-macos-x86_64 0.8.4 60.00 OK
r-oldrel-windows-x86_64 0.8.4 76.00 88.00 164.00 OK

Check Details

Version: 0.8.4
Check: C++ specification
Result: NOTE Specified C++11: please drop specification unless essential Flavors: r-devel-linux-x86_64-debian-clang, r-devel-linux-x86_64-debian-gcc, r-devel-linux-x86_64-fedora-clang, r-devel-linux-x86_64-fedora-gcc, r-devel-windows-x86_64, r-patched-linux-x86_64, r-release-linux-x86_64, r-release-macos-arm64, r-release-macos-x86_64, r-release-windows-x86_64