CRAN Package Check Results for Package jsonlite

Last updated on 2020-07-07 03:47:53 CEST.

Flavor Version Tinstall Tcheck Ttotal Status Flags
r-devel-linux-x86_64-debian-clang 1.7.0 7.52 49.27 56.79 OK
r-devel-linux-x86_64-debian-gcc 1.7.0 6.49 38.70 45.19 OK
r-devel-linux-x86_64-fedora-clang 1.7.0 79.90 OK
r-devel-linux-x86_64-fedora-gcc 1.7.0 70.12 OK
r-devel-windows-ix86+x86_64 1.7.0 38.00 88.00 126.00 OK
r-patched-linux-x86_64 1.7.0 7.30 49.80 57.10 OK
r-patched-solaris-x86 1.7.0 94.90 WARN
r-release-linux-x86_64 1.7.0 5.59 49.49 55.08 OK
r-release-osx-x86_64 1.7.0 OK
r-release-windows-ix86+x86_64 1.7.0 48.00 111.00 159.00 OK
r-oldrel-osx-x86_64 1.7.0 OK
r-oldrel-windows-ix86+x86_64 1.7.0 34.00 92.00 126.00 OK

Check Details

Version: 1.7.0
Check: for unstated dependencies in ‘tests’
Result: WARN
    Warning in deparse(e[[2L]]) :
     it is not known that wchar_t is Unicode on this platform
    Warning in deparse(e[[2L]]) :
     it is not known that wchar_t is Unicode on this platform
    Warning in deparse(e[[2L]]) :
     it is not known that wchar_t is Unicode on this platform
    Warning in deparse(e[[2L]]) :
     it is not known that wchar_t is Unicode on this platform
    Warning in deparse(e[[2L]]) :
     it is not known that wchar_t is Unicode on this platform
    Warning in deparse(e[[2L]]) :
     it is not known that wchar_t is Unicode on this platform
    Warning in deparse(e[[2L]]) :
     it is not known that wchar_t is Unicode on this platform
    Warning in deparse(e[[2L]]) :
     it is not known that wchar_t is Unicode on this platform
    Warning in deparse(e[[2L]]) :
     it is not known that wchar_t is Unicode on this platform
    Warning in deparse(e[[2L]]) :
     it is not known that wchar_t is Unicode on this platform
Flavor: r-patched-solaris-x86