CRAN Package Check Results for Package jrt

Last updated on 2024-06-24 16:57:06 CEST.

Flavor Version Tinstall Tcheck Ttotal Status Flags
r-devel-linux-x86_64-debian-clang 1.1.2 15.79 264.42 280.21 NOTE
r-devel-linux-x86_64-debian-gcc 1.1.2 11.88 190.95 202.83 NOTE
r-devel-linux-x86_64-fedora-clang 1.1.2 350.70 NOTE
r-devel-linux-x86_64-fedora-gcc 1.1.2 359.55 NOTE
r-devel-windows-x86_64 1.1.2 13.00 193.00 206.00 NOTE
r-patched-linux-x86_64 1.1.2 12.14 253.57 265.71 NOTE
r-release-linux-x86_64 1.1.2 10.82 252.93 263.75 NOTE
r-release-macos-arm64 1.1.2 89.00 NOTE
r-release-macos-x86_64 1.1.2 191.00 NOTE
r-release-windows-x86_64 1.1.2 14.00 181.00 195.00 NOTE
r-oldrel-macos-arm64 1.1.2 93.00 OK
r-oldrel-macos-x86_64 1.1.2 167.00 OK
r-oldrel-windows-x86_64 1.1.2 18.00 228.00 246.00 OK

Check Details

Version: 1.1.2
Check: Rd files
Result: NOTE checkRd: (-1) jrt.Rd:45-46: Lost braces 45 | \item{Difference models (more or less constrained versions of the | ^ checkRd: (-1) jrt.Rd:54-55: Lost braces 54 | \item{Divide-by-total models (more or less constrained versions of the | ^ Flavors: r-devel-linux-x86_64-debian-clang, r-devel-linux-x86_64-debian-gcc, r-devel-linux-x86_64-fedora-clang, r-devel-linux-x86_64-fedora-gcc, r-devel-windows-x86_64, r-patched-linux-x86_64, r-release-linux-x86_64, r-release-macos-arm64, r-release-macos-x86_64, r-release-windows-x86_64