Last updated on 2023-12-07 04:56:26 CET.
Flavor | Version | Tinstall | Tcheck | Ttotal | Status | Flags |
---|---|---|---|---|---|---|
r-devel-linux-x86_64-debian-clang | 1.1.2 | 16.00 | 242.53 | 258.53 | NOTE | |
r-devel-linux-x86_64-debian-gcc | 1.1.2 | 11.78 | 180.22 | 192.00 | NOTE | |
r-devel-linux-x86_64-fedora-clang | 1.1.2 | 317.61 | OK | |||
r-devel-linux-x86_64-fedora-gcc | 1.1.2 | 315.37 | OK | |||
r-devel-windows-x86_64 | 1.1.2 | 14.00 | 191.00 | 205.00 | OK | |
r-patched-linux-x86_64 | 1.1.2 | 9.69 | 228.93 | 238.62 | OK | |
r-release-linux-x86_64 | 1.1.2 | 11.48 | 231.11 | 242.59 | OK | |
r-release-macos-arm64 | 1.1.2 | 93.00 | OK | |||
r-release-macos-x86_64 | 1.1.2 | 167.00 | OK | |||
r-release-windows-x86_64 | 1.1.2 | 18.00 | 241.00 | 259.00 | OK | |
r-oldrel-macos-arm64 | 1.1.2 | 101.00 | OK | |||
r-oldrel-macos-x86_64 | 1.1.2 | 146.00 | OK | |||
r-oldrel-windows-x86_64 | 1.1.2 | 18.00 | 243.00 | 261.00 | OK |
Version: 1.1.2
Check: Rd files
Result: NOTE
checkRd: (-1) jrt.Rd:45-46: Lost braces
45 | \item{Difference models (more or less constrained versions of the
| ^
checkRd: (-1) jrt.Rd:54-55: Lost braces
54 | \item{Divide-by-total models (more or less constrained versions of the
| ^
Flavors: r-devel-linux-x86_64-debian-clang, r-devel-linux-x86_64-debian-gcc