CRAN Package Check Results for Package josaplay

Last updated on 2023-12-03 04:56:10 CET.

Flavor Version Tinstall Tcheck Ttotal Status Flags
r-devel-linux-x86_64-debian-clang 0.1.3 1.44 19.42 20.86 NOTE
r-devel-linux-x86_64-debian-gcc 0.1.3 1.62 15.63 17.25 NOTE
r-devel-linux-x86_64-fedora-clang 0.1.3 27.54 NOTE
r-devel-linux-x86_64-fedora-gcc 0.1.3 26.09 NOTE
r-devel-windows-x86_64 0.1.3 3.00 38.00 41.00 NOTE
r-patched-linux-x86_64 0.1.3 2.20 19.62 21.82 NOTE
r-release-linux-x86_64 0.1.3 1.82 19.38 21.20 NOTE
r-release-macos-arm64 0.1.3 15.00 NOTE
r-release-macos-x86_64 0.1.3 20.00 NOTE
r-release-windows-x86_64 0.1.3 4.00 37.00 41.00 NOTE
r-oldrel-macos-arm64 0.1.3 17.00 NOTE
r-oldrel-macos-x86_64 0.1.3 20.00 NOTE
r-oldrel-windows-x86_64 0.1.3 4.00 46.00 50.00 NOTE

Check Details

Version: 0.1.3
Check: LazyData
Result: NOTE 'LazyData' is specified without a 'data' directory Flavors: r-devel-linux-x86_64-debian-clang, r-devel-linux-x86_64-debian-gcc, r-devel-linux-x86_64-fedora-clang, r-devel-linux-x86_64-fedora-gcc, r-devel-windows-x86_64, r-patched-linux-x86_64, r-release-linux-x86_64, r-release-macos-arm64, r-release-macos-x86_64, r-release-windows-x86_64, r-oldrel-macos-arm64, r-oldrel-macos-x86_64, r-oldrel-windows-x86_64