CRAN Package Check Results for Package josaplay

Last updated on 2024-06-24 16:57:06 CEST.

Flavor Version Tinstall Tcheck Ttotal Status Flags
r-devel-linux-x86_64-debian-clang 0.1.3 1.60 20.70 22.30 NOTE
r-devel-linux-x86_64-debian-gcc 0.1.3 1.72 16.31 18.03 NOTE
r-devel-linux-x86_64-fedora-clang 0.1.3 29.04 NOTE
r-devel-linux-x86_64-fedora-gcc 0.1.3 27.41 NOTE
r-devel-windows-x86_64 0.1.3 3.00 37.00 40.00 NOTE
r-patched-linux-x86_64 0.1.3 1.65 20.18 21.83 NOTE
r-release-linux-x86_64 0.1.3 1.77 20.05 21.82 NOTE
r-release-macos-arm64 0.1.3 15.00 NOTE
r-release-macos-x86_64 0.1.3 25.00 NOTE
r-release-windows-x86_64 0.1.3 3.00 38.00 41.00 NOTE
r-oldrel-macos-arm64 0.1.3 15.00 NOTE
r-oldrel-macos-x86_64 0.1.3 20.00 NOTE
r-oldrel-windows-x86_64 0.1.3 3.00 40.00 43.00 NOTE

Check Details

Version: 0.1.3
Check: LazyData
Result: NOTE 'LazyData' is specified without a 'data' directory Flavors: r-devel-linux-x86_64-debian-clang, r-devel-linux-x86_64-debian-gcc, r-devel-linux-x86_64-fedora-clang, r-devel-linux-x86_64-fedora-gcc, r-devel-windows-x86_64, r-patched-linux-x86_64, r-release-linux-x86_64, r-release-macos-arm64, r-release-macos-x86_64, r-release-windows-x86_64, r-oldrel-macos-arm64, r-oldrel-macos-x86_64, r-oldrel-windows-x86_64