CRAN Package Check Results for Package jmotif

Last updated on 2020-08-06 15:49:36 CEST.

Flavor Version Tinstall Tcheck Ttotal Status Flags
r-devel-linux-x86_64-debian-clang 1.1.1 267.34 33.51 300.85 OK
r-devel-linux-x86_64-debian-gcc 1.1.1 200.11 25.97 226.08 OK
r-devel-linux-x86_64-fedora-clang 1.1.1 436.11 NOTE
r-devel-linux-x86_64-fedora-gcc 1.1.1 401.11 OK
r-devel-windows-ix86+x86_64 1.1.1 627.00 83.00 710.00 OK
r-patched-linux-x86_64 1.1.1 207.14 33.26 240.40 OK
r-patched-solaris-x86 1.1.1 313.00 OK
r-release-linux-x86_64 1.1.1 201.81 32.54 234.35 OK
r-release-macos-x86_64 1.1.1 NOTE
r-release-windows-ix86+x86_64 1.1.1 655.00 109.00 764.00 OK
r-oldrel-macos-x86_64 1.1.1 NOTE
r-oldrel-windows-ix86+x86_64 1.1.1 453.00 105.00 558.00 OK

Check Details

Version: 1.1.1
Check: installed package size
Result: NOTE
     installed size is 8.9Mb
     sub-directories of 1Mb or more:
     data 1.1Mb
     libs 7.6Mb
Flavors: r-devel-linux-x86_64-fedora-clang, r-release-macos-x86_64, r-oldrel-macos-x86_64