CRAN Package Check Results for Package jiebaR

Last updated on 2023-12-07 16:49:35 CET.

Flavor Version Tinstall Tcheck Ttotal Status Flags
r-devel-linux-x86_64-debian-clang 0.11 79.92 68.59 148.51 NOTE
r-devel-linux-x86_64-debian-gcc 0.11 52.56 52.51 105.07 NOTE
r-devel-linux-x86_64-fedora-clang 0.11 214.39 NOTE
r-devel-linux-x86_64-fedora-gcc 0.11 217.43 NOTE
r-devel-windows-x86_64 0.11 59.00 105.00 164.00 NOTE
r-patched-linux-x86_64 0.11 68.74 67.32 136.06 NOTE
r-release-linux-x86_64 0.11 71.17 67.79 138.96 NOTE
r-release-macos-arm64 0.11 61.00 NOTE
r-release-macos-x86_64 0.11 100.00 NOTE
r-release-windows-x86_64 0.11 74.00 120.00 194.00 NOTE
r-oldrel-macos-arm64 0.11 58.00 NOTE
r-oldrel-macos-x86_64 0.11 76.00 NOTE
r-oldrel-windows-x86_64 0.11 78.00 115.00 193.00 OK

Check Details

Version: 0.11
Check: C++ specification
Result: NOTE Specified C++11: please drop specification unless essential Flavors: r-devel-linux-x86_64-debian-clang, r-devel-linux-x86_64-debian-gcc, r-devel-linux-x86_64-fedora-clang, r-devel-linux-x86_64-fedora-gcc, r-devel-windows-x86_64, r-patched-linux-x86_64, r-release-linux-x86_64, r-release-macos-arm64, r-release-macos-x86_64, r-release-windows-x86_64

Version: 0.11
Check: installed package size
Result: NOTE installed size is 5.9Mb sub-directories of 1Mb or more: libs 5.5Mb Flavors: r-release-macos-arm64, r-release-macos-x86_64, r-oldrel-macos-arm64, r-oldrel-macos-x86_64