CRAN Package Check Results for Package janeaustenr

Last updated on 2024-03-01 16:49:22 CET.

Flavor Version Tinstall Tcheck Ttotal Status Flags
r-devel-linux-x86_64-debian-clang 1.0.0 3.18 25.38 28.56 OK
r-devel-linux-x86_64-debian-gcc 1.0.0 2.45 20.79 23.24 OK
r-devel-linux-x86_64-fedora-clang 1.0.0 37.43 NOTE
r-devel-linux-x86_64-fedora-gcc 1.0.0 35.45 NOTE
r-devel-windows-x86_64 1.0.0 5.00 43.00 48.00 OK
r-patched-linux-x86_64 1.0.0 3.01 25.87 28.88 OK
r-release-linux-x86_64 1.0.0 3.13 25.47 28.60 OK
r-release-macos-arm64 1.0.0 18.00 OK
r-release-macos-x86_64 1.0.0 26.00 OK
r-release-windows-x86_64 1.0.0 5.00 45.00 50.00 OK
r-oldrel-macos-arm64 1.0.0 17.00 OK
r-oldrel-windows-x86_64 1.0.0 6.00 49.00 55.00 OK

Check Details

Version: 1.0.0
Check: data for non-ASCII characters
Result: NOTE Note: found 1 marked UTF-8 string Flavors: r-devel-linux-x86_64-fedora-clang, r-devel-linux-x86_64-fedora-gcc