CRAN Package Check Results for Package jackalope

Last updated on 2020-05-25 15:49:03 CEST.

Flavor Version Tinstall Tcheck Ttotal Status Flags
r-devel-linux-x86_64-debian-clang 1.1.0 306.56 47.17 353.73 NOTE
r-devel-linux-x86_64-debian-gcc 1.1.0 242.61 36.93 279.54 NOTE
r-devel-linux-x86_64-fedora-clang 1.1.0 509.02 NOTE
r-devel-linux-x86_64-fedora-gcc 1.1.0 464.95 NOTE
r-devel-windows-ix86+x86_64 1.1.0 758.00 111.00 869.00 NOTE
r-patched-linux-x86_64 1.1.0 253.51 47.85 301.36 NOTE
r-patched-solaris-x86 1.1.0 379.00 NOTE
r-release-linux-x86_64 1.1.0 252.18 47.71 299.89 NOTE
r-release-osx-x86_64 1.1.0 NOTE
r-release-windows-ix86+x86_64 1.1.0 576.00 146.00 722.00 NOTE
r-oldrel-osx-x86_64 1.1.0 NOTE
r-oldrel-windows-ix86+x86_64 1.1.0 606.00 119.00 725.00 NOTE

Check Details

Version: 1.1.0
Check: for GNU extensions in Makefiles
Result: NOTE
    GNU make is a SystemRequirements.
Flavors: r-devel-linux-x86_64-debian-clang, r-devel-linux-x86_64-debian-gcc, r-devel-linux-x86_64-fedora-clang, r-devel-linux-x86_64-fedora-gcc, r-devel-windows-ix86+x86_64, r-patched-linux-x86_64, r-patched-solaris-x86, r-release-linux-x86_64, r-release-osx-x86_64, r-release-windows-ix86+x86_64, r-oldrel-osx-x86_64, r-oldrel-windows-ix86+x86_64

Version: 1.1.0
Check: installed package size
Result: NOTE
     installed size is 23.3Mb
     sub-directories of 1Mb or more:
     art_profiles 1.5Mb
     libs 21.0Mb
Flavors: r-devel-linux-x86_64-fedora-clang, r-devel-windows-ix86+x86_64, r-release-osx-x86_64, r-release-windows-ix86+x86_64, r-oldrel-osx-x86_64, r-oldrel-windows-ix86+x86_64