CRAN Package Check Results for Package ivx

Last updated on 2024-03-01 16:49:22 CET.

Flavor Version Tinstall Tcheck Ttotal Status Flags
r-devel-linux-x86_64-debian-clang 1.1.0 42.90 55.72 98.62 NOTE
r-devel-linux-x86_64-debian-gcc 1.1.0 34.43 42.11 76.54 NOTE
r-devel-linux-x86_64-fedora-clang 1.1.0 134.60 NOTE
r-devel-linux-x86_64-fedora-gcc 1.1.0 137.63 NOTE
r-devel-windows-x86_64 1.1.0 37.00 80.00 117.00 NOTE
r-patched-linux-x86_64 1.1.0 45.32 54.02 99.34 NOTE
r-release-linux-x86_64 1.1.0 38.40 54.38 92.78 NOTE
r-release-macos-arm64 1.1.0 36.00 NOTE
r-release-macos-x86_64 1.1.0 56.00 NOTE
r-release-windows-x86_64 1.1.0 35.00 96.00 131.00 NOTE
r-oldrel-macos-arm64 1.1.0 39.00 OK
r-oldrel-windows-x86_64 1.1.0 43.00 88.00 131.00 OK

Check Details

Version: 1.1.0
Check: C++ specification
Result: NOTE Specified C++11: please drop specification unless essential Flavors: r-devel-linux-x86_64-debian-clang, r-devel-linux-x86_64-debian-gcc, r-devel-linux-x86_64-fedora-clang, r-devel-linux-x86_64-fedora-gcc, r-devel-windows-x86_64, r-patched-linux-x86_64, r-release-linux-x86_64, r-release-macos-arm64, r-release-macos-x86_64, r-release-windows-x86_64