CRAN Package Check Results for Package ivprobit

Last updated on 2020-08-08 15:46:52 CEST.

Flavor Version Tinstall Tcheck Ttotal Status Flags
r-devel-linux-x86_64-debian-clang 1.1 1.99 19.56 21.55 OK
r-devel-linux-x86_64-debian-gcc 1.1 1.52 16.06 17.58 OK
r-devel-linux-x86_64-fedora-clang 1.1 34.28 NOTE
r-devel-linux-x86_64-fedora-gcc 1.1 25.23 NOTE
r-devel-windows-ix86+x86_64 1.1 8.00 32.00 40.00 OK
r-patched-linux-x86_64 1.1 2.04 19.61 21.65 OK
r-patched-solaris-x86 1.1 39.50 NOTE
r-release-linux-x86_64 1.1 1.83 19.53 21.36 OK
r-release-macos-x86_64 1.1 NOTE
r-release-windows-ix86+x86_64 1.1 6.00 34.00 40.00 OK
r-oldrel-macos-x86_64 1.1 NOTE
r-oldrel-windows-ix86+x86_64 1.1 4.00 45.00 49.00 OK

Check Details

Version: 1.1
Check: dependencies in R code
Result: NOTE
    Namespace in Imports field not imported from: ‘methods’
     All declared Imports should be used.
Flavors: r-devel-linux-x86_64-fedora-clang, r-devel-linux-x86_64-fedora-gcc, r-patched-solaris-x86, r-release-macos-x86_64, r-oldrel-macos-x86_64