Last updated on 2023-12-09 04:50:56 CET.
Flavor | Version | Tinstall | Tcheck | Ttotal | Status | Flags |
---|---|---|---|---|---|---|
r-devel-linux-x86_64-debian-clang | 1.4.0 | 18.17 | 110.46 | 128.63 | NOTE | --no-vignettes |
r-devel-linux-x86_64-debian-gcc | 1.4.0 | 13.18 | 80.27 | 93.45 | NOTE | --no-vignettes |
r-devel-linux-x86_64-fedora-clang | 1.4.0 | 166.33 | NOTE | --no-vignettes | ||
r-devel-linux-x86_64-fedora-gcc | 1.4.0 | 159.12 | NOTE | --no-vignettes | ||
r-devel-windows-x86_64 | 1.4.0 | 16.00 | 107.00 | 123.00 | NOTE | --no-vignettes |
r-patched-linux-x86_64 | 1.4.0 | 18.69 | 105.55 | 124.24 | NOTE | --no-vignettes |
r-release-linux-x86_64 | 1.4.0 | 15.06 | 105.16 | 120.22 | NOTE | --no-vignettes |
r-release-macos-arm64 | 1.4.0 | 670.00 | NOTE | |||
r-release-macos-x86_64 | 1.4.0 | 1354.00 | NOTE | |||
r-release-windows-x86_64 | 1.4.0 | 15.00 | 130.00 | 145.00 | NOTE | --no-vignettes |
r-oldrel-macos-arm64 | 1.4.0 | 648.00 | NOTE | |||
r-oldrel-macos-x86_64 | 1.4.0 | 1106.00 | NOTE | |||
r-oldrel-windows-x86_64 | 1.4.0 | 22.00 | 132.00 | 154.00 | NOTE | --no-vignettes |
Version: 1.4.0
Flags: --no-vignettes
Check: package dependencies
Result: NOTE
Packages suggested but not available for checking: 'gurobi', 'cplexAPI'
Flavors: r-devel-linux-x86_64-debian-clang, r-devel-linux-x86_64-debian-gcc, r-devel-linux-x86_64-fedora-clang, r-devel-linux-x86_64-fedora-gcc, r-devel-windows-x86_64, r-patched-linux-x86_64, r-release-linux-x86_64, r-release-windows-x86_64, r-oldrel-windows-x86_64
Version: 1.4.0
Flags: --no-vignettes
Check: Rd files
Result: NOTE
checkRd: (-1) sTsls.Rd:17: Lost braces; missing escapes or markup?
17 | \item{pi}{the matrix E[XZ']E[ZZ']^{-1}}
| ^
checkRd: (-1) sTslsSplines.Rd:20: Lost braces; missing escapes or markup?
20 | \item{pi}{matrix, corresponds to E[XZ']E[ZZ']^{-1}, the first stage
| ^
Flavors: r-devel-linux-x86_64-debian-clang, r-devel-linux-x86_64-debian-gcc
Version: 1.4.0
Check: package dependencies
Result: NOTE
Packages suggested but not available for checking: 'gurobi', 'cplexAPI'
Flavors: r-release-macos-arm64, r-release-macos-x86_64, r-oldrel-macos-arm64, r-oldrel-macos-x86_64